s j composite?
False
Suppose 3*x - 12 = -3*p, 4*p + 3*x - 5 - 8 = 0. Let j be (-2*p)/((-1)/2). Is (-1119)/(-6)*(j - 2) prime?
True
Let t(l) = -12*l + 5*l - 8*l - 7 - 49*l. Suppose 44 = -2*f + 14. Is t(f) a prime number?
True
Suppose 8*x - 7*x = 474619. Is x composite?
False
Is -13649*8/((-8)/1) composite?
False
Suppose 3*r + 26*r = 152569. Is r prime?
True
Let i be (1461/(-6))/(1/(-2)). Let u = i - 313. Suppose 4*z - 2*z - u = 0. Is z prime?
False
Let n(y) = -y**3 - y. Let w(k) = 630*k**3 - k**2 - 3*k + 1. Let l(f) = 4*n(f) - w(f). Is l(-1) a prime number?
False
Suppose -4*b + 7*b - 81 = 5*s, -87 = -3*b + 3*s. Suppose b = -7*m + 3*m. Let z(a) = -2*a**3 - 10*a**2 + a + 3. Is z(m) composite?
False
Suppose -161 - 33 = -h. Let b = h + 197. Is b composite?
True
Suppose -2*t = 33*c - 29*c - 8114, 3*t = -5*c + 12173. Is t a composite number?
True
Let s = 6161 - 2664. Is s a composite number?
True
Let x = 41 + -3. Let q = x + 125. Is q a composite number?
False
Is 12/(-15) - (-39477)/15 a composite number?
True
Let r(j) = 53*j - 43. Is r(8) composite?
True
Let l(t) = -t - 20. Let z(y) = y + 21. Let n(a) = -6*l(a) - 5*z(a). Let i be n(-16). Is i*(-213 - (1 + 0)) prime?
False
Suppose -3*n - n - 924 = -3*i, i + n - 308 = 0. Suppose -a + 4*h + i = 0, 0*a - h = 4*a - 1232. Is (a/(-12))/(4/(-12)) prime?
False
Let w be 5162/8 - 8/32. Suppose -w = -6*h + h. Suppose f - h = -0*f. Is f a prime number?
False
Suppose 0 = -2*v - 1505 + 4811. Let p = v - 776. Is p a composite number?
False
Suppose -b + 7*b - 19050 = 0. Suppose -9*r + b = -4*r. Is r composite?
True
Suppose -12 - 8 = -4*r. Suppose -r*o + 0*o + 10 = 0. Is 107 - (o + (-16)/4) a prime number?
True
Let c = 7867 + -4145. Is c a prime number?
False
Let f(s) = 22*s**2 + s - 9. Let g be f(3). Suppose 0 = -2*u + 8, 2*p + u - 618 = -g. Is p a composite number?
False
Let l be 24/(-10)*(-10)/3. Let z(x) = x**3 - 7*x**2 - 8*x + 3. Let u be z(l). Suppose -u*a + 102 = -180. Is a a prime number?
False
Suppose 2*a - 2549 - 2609 = 0. Is a a prime number?
True
Let f be -4*(1905/(-6) + -2). Suppose 6*p + 0*p = f. Is p composite?
True
Suppose 7*m - 3 = 4. Is 719*m - (7 + -7) prime?
True
Let s = 5 + -5. Is (s - -3)*(-5397)/(-63) prime?
True
Let c(y) = y + 10. Let k be c(-6). Suppose 4*t - 1704 - 748 = 0. Suppose s + k*q - 10 - t = 0, -s = q - 629. Is s prime?
True
Let b = 4 + 1. Suppose -4*g + 3004 = -g + o, -b*g + 5010 = o. Is g a composite number?
True
Let v be (-1)/1 - (4 - 8). Suppose -v*h - 451 = -5*h + 3*t, 2*h - 426 = -2*t. Suppose 2*x + h = 4*x. Is x prime?
True
Suppose -2*t = a + 10, -6*a + t = -2*a - 5. Let d be -1 + (1 - a) + 0. Suppose x - 136 - 19 = d. Is x composite?
True
Is (-43 + 35796)/(-1 - -2) composite?
False
Suppose 3*b = 5*x + 2*b - 83102, -3*b + 49872 = 3*x. Is x prime?
False
Suppose -4 + 0 = x. Let z = -1 - x. Suppose 0*r + z*r = 5*p - 59, 2*p - 28 = -r. Is p composite?
False
Suppose 0 = -2*c - 6 + 26. Suppose 9*i + 5 = c*i. Suppose -252 = -5*u + u + i*s, -2*s = 5*u - 282. Is u a composite number?
True
Let o(v) be the third derivative of -v**6/120 - v**5/15 + v**4/12 - 5*v**3/6 + v**2. Is o(-6) composite?
True
Suppose -2*u - 3*u = 297770. Is u/(-110) + (-4)/10 a composite number?
False
Let v = -33 - -71. Let c(u) = -u**2 - 11*u + 14. Let y be c(-12). Suppose -y*z + 72 + v = 0. Is z composite?
True
Is 6 + 6750/5 + 1 composite?
True
Suppose 2*d - 40 = 4*r, 5*d + 4*r - 2*r = 100. Let i(h) = 3*h + 11. Is i(d) a composite number?
False
Suppose -6*k = -0*k - 280122. Is k composite?
False
Suppose 0 = 2*t - 7*t + 80. Suppose -35*r + 174 = -33*r. Let q = r - t. Is q a prime number?
True
Let f(m) = -3*m - 4. Let j be f(0). Let o(b) = -5*b**3 - 10*b**2 - 3*b - 6. Is o(j) a prime number?
False
Suppose -3*k + 14 = -19. Suppose -3*p + 2*p + 5*h = -k, p - 4*h - 9 = 0. Is ((-1049)/(-2))/(p/2) a composite number?
False
Let w = -4569 + 6551. Suppose -1266 = -4*k + w. Suppose -2*q - 2*q = -k. Is q prime?
False
Let a = -2503 - -8840. Is a composite?
False
Let y(q) = q**2 + 7*q + 10. Let f be y(-8). Is 32198/12 - 3/f prime?
True
Let z(s) = s**3 + 7*s**2 + 4*s - 11. Let g be z(-6). Let u(r) = 1367*r. Is u(g) a composite number?
False
Let v = -1247 + 19828. Is v a composite number?
True
Suppose -157*x = -150*x - 14133. Is x composite?
True
Suppose 2*f - 5*d + 1 = 0, 3*f - 4*f = -3*d + 1. Suppose 0 = -f*s - 3*n + 25 + 23, -3*n = -2*s + 36. Is s a composite number?
True
Let v = 1049 + 2024. Is v/4 + 36/48 a composite number?
False
Let n(y) = y + 0*y - y + 5*y**2 + 2. Is n(5) a prime number?
True
Let r be -4 - (-4 + -2)/(18/24). Suppose -5*t - 8*s + r*s + 13665 = 0, 5478 = 2*t + 4*s. Is t a prime number?
True
Let v be 2/10 - (-48)/10. Let o be -1 + 328/((-10)/v). Let a = o - -244. Is a composite?
False
Suppose -10*j = -9*j - 1. Let p(t) = -3*t**3 - t**2 - 4. Let f be p(-3). Is f*(j/4 + 1) a composite number?
True
Let w = -38 + 26. Let b be (1*-2)/(w/6828). Is 1/(b/379 + -3) composite?
False
Suppose -2*q - 5*w + 13 = 0, 6*w + 9 = 3*q + 3*w. Let o be 355/(q + (-1 - 4)). Let r = o + 702. Is r a prime number?
True
Suppose 0 = 3*p + v - 21, 5*v - 17 = -p - 3*p. Suppose -4*q = u - 6623, p*q - 5*q + 3*u = 4956. Is q prime?
True
Let k be 1 - (-4)/((-6)/(-3)). Let b(r) = k*r - 6*r - 29*r + 0 - 3. Is b(-5) composite?
False
Let h(k) = k - 5. Let o be h(5). Suppose o = -4*w + 9*w + 380. Is (-1 + -2)/(4/w) prime?
False
Let i = 1112 + -478. Is i a composite number?
True
Let w be (12/36)/((-1)/(-12)). Suppose 2*l - 2*c + 1309 - 3129 = 0, 5*l = w*c + 4547. Is l a prime number?
True
Let d(s) = -s**3 + 2*s**2 - 1. Let y be d(2). Let j(m) = 4*m + m**2 - 3*m - 50*m**3 - 37*m**3 + 0*m. Is j(y) a prime number?
False
Suppose -2*a - 6 = -0. Is 1114 + (27/6 - a/(-2)) composite?
False
Suppose 6 = c - n, c + 12 = -3*n - 2*n. Suppose -c*r - 936 + 3657 = 0. Is r composite?
False
Is (1/(-5))/((-29)/145)*26539 composite?
False
Let a(t) = t**3 - 15*t**2 + 14*t + 3. Let j be a(14). Suppose -p = -j*p - 6, 0 = 2*d - p - 27. Let l(i) = -i**3 + 12*i**2 + 10*i + 13. Is l(d) composite?
True
Suppose -16 = -2*a + 40. Let m be ((-35)/a)/(2/(-8)). Suppose -323 = -d + 2*x, -1600 = -2*d - 3*d + m*x. Is d a composite number?
False
Suppose -o - 3517 = -2*r - 6*o, 4*r = -o + 7007. Suppose j + 4*q - r = 0, 2*j - 4*q = 4255 - 717. Is j a composite number?
True
Let d = 50 + -56. Is -1*3/d*4 + 257 composite?
True
Let s be -2 + 4 + (-3 - -4). Suppose -2*y - y - s = 0. Let z(k) = -114*k**3 - 2*k**2 + 1. Is z(y) a prime number?
True
Let h be (-13)/(-6) - 4/24. Suppose 5*b - 1 = 4, -4*b = h*g - 2046. Suppose 5*f = -3*c + g, c = 2*f - 2*c - 400. Is f a composite number?
True
Suppose v + a = 355, -4*a - 380 = -v - 0*a. Suppose 5*d + 5*n - v = 0, 3*d + n - 220 = -3*n. Suppose 5*k - 3*k = d. Is k a prime number?
False
Let a(c) = -c**2 - 9*c - 15. Let k be a(-4). Suppose 2*l - 869 = -l - 2*v, 0 = -2*l - k*v + 583. Is l prime?
False
Suppose -2*c + 463974 = 4*x - 16556, 5*c - 5*x = 1201265. Is c composite?
False
Let k(a) = a**2 - a. Let s(z) = -6*z**2 - 8*z - 7. Let h(q) = -4*k(q) - s(q). Let i be h(-5). Is (-2020)/(-16) + i/(-4) a composite number?
False
Suppose -4*s - 712 = 4*l - 5980, 0 = -4*l + 4*s + 5284. Is l a composite number?
False
Let r(k) = 33*k - 23. Suppose -3 = -2*h + 17. Is r(h) prime?
True
Is 2/(32/(-22552))*-82 prime?
False
Suppose k + 5 = 16. Is ((-2583)/14)/9*k*-2 composite?
True
Suppose -3*j + 150 = -0*p - 2*p, -2*j + 5*p = -111. Suppose 427 = x + j. Is x composite?
False
Suppose -3*r - 63*r = -9743514. Is r a composite number?
False
Let n = -20653 + 48006. Is n prime?
False
Let x be (-7 - -1308)/(1/3). Suppose -8*j + x = -2105. Is j prime?
True
Let s = -893 - -1366. Is s a composite number?
True
Suppose 3*n + 7 = 28. Suppose -t - n = -10. Suppose -u = -t*u + 4*a + 174, -77 = -u + 4*a. Is u composite?
False
Let c(k) = 2*k**2 - 14*k + 5. Let m be c(7). Suppose -m*d - 3*z = 17, 6*d + 23 = d + 3*z. Is (-15 - -1)*34/d composite?
True
Let d be (4 + 0)*(-5)/(-10). Suppose -5*v + 639 = -d*c, -2*c - 375 = -3*v - 5*c. Is v a prime number?
True
Suppose -3*n - 3*i + i = -7, 16 = 4*n - 4*i. Suppose 3*b - n*l + 327 = 0, 3*b - 8*b - l = 563. Let y = 345 + b. Is y prime?
True
Suppose 4*s - 8 = 0, 39*i - 41*i + 4*s + 20826 = 0. Is i prime?
False
Suppose -1533*r + 1518*r = -105